s 329699257 a prime number?
False
Is 25055573 prime?
False
Is 397237 composite?
False
Is 40848121 a composite number?
False
Is 88074401 composite?
True
Is 396210649 a prime number?
True
Is 4618529 composite?
False
Is 12392738 a composite number?
True
Is 67365839 a prime number?
True
Is 136031855 prime?
False
Is 70668823 composite?
True
Is 2947199 prime?
True
Is 2114517 prime?
False
Is 81805681 a composite number?
True
Is 282964867 prime?
True
Is 298590661 prime?
True
Is 431203 a composite number?
False
Is 18627551 a composite number?
False
Is 641254 a prime number?
False
Is 179521091 composite?
True
Is 22209415 composite?
True
Is 22388381 prime?
True
Is 427115233 prime?
False
Is 10001221 prime?
True
Is 1348111 composite?
False
Is 975787 a composite number?
True
Is 2995249 a prime number?
True
Is 69319853 prime?
False
Is 20943029 composite?
False
Is 158904013 a composite number?
False
Is 74296507 a composite number?
True
Is 47070007 a prime number?
True
Is 89304973 a prime number?
True
Is 152869971 composite?
True
Is 107859211 a composite number?
False
Is 132980219 a prime number?
False
Is 165023 composite?
True
Is 42915793 composite?
True
Is 98032333 composite?
True
Is 80772071 composite?
False
Is 84803 a prime number?
False
Is 144688807 a composite number?
False
Is 58365161 composite?
False
Is 3442391 prime?
False
Is 3213227 a composite number?
True
Is 3215159 prime?
False
Is 3767831 a prime number?
True
Is 1582673 a prime number?
True
Is 13820611 a prime number?
False
Is 192911811 a composite number?
True
Is 17121943 a prime number?
True
Is 20647229 a prime number?
True
Is 497239 composite?
False
Is 54818999 a prime number?
False
Is 57304883 prime?
True
Is 114039467 composite?
False
Is 82412719 a prime number?
False
Is 21408389 composite?
True
Is 5257991 composite?
False
Is 29108185 a composite number?
True
Is 17231491 a composite number?
False
Is 598071343 prime?
False
Is 4186747 composite?
False
Is 1482049 a composite number?
False
Is 4554307 composite?
False
Is 61342649 composite?
False
Is 43127717 a composite number?
True
Is 9729127 composite?
False
Is 207055 a composite number?
True
Is 35702399 prime?
False
Is 26232301 a prime number?
True
Is 52606607 composite?
False
Is 352214623 prime?
True
Is 1992139 composite?
False
Is 65677 prime?
True
Is 12387313 a prime number?
True
Is 16262007 composite?
True
Is 1350731 prime?
True
Is 3054748721 a composite number?
False
Is 56556581 composite?
True
Is 533147585 prime?
False
Is 9943943 prime?
True
Is 2637419 composite?
False
Is 8823847 prime?
False
Is 13642129 prime?
False
Is 3131993 prime?
False
Is 7539589 a prime number?
True
Is 30599341 prime?
False
Is 2089117 composite?
False
Is 1990433 a composite number?
False
Is 37435885 prime?
False
Is 84218371 composite?
True
Is 59686829 prime?
True
Is 2105641 composite?
False
Is 68870807 composite?
False
Is 6745199 composite?
False
Is 84537763 composite?
False
Is 154095581 a composite number?
False
Is 1166441 a composite number?
False
Is 76054349 composite?
True
Is 90665023 a prime number?
True
Is 583780889 prime?
True
Is 260604677 a composite number?
False
Is 44641141 a composite number?
False
Is 4132553 prime?
True
Is 11463719 a composite number?
True
Is 1394209 a prime number?
True
Is 8386123 composite?
False
Is 6483853 a composite number?
True
Is 96073858 prime?
False
Is 234961427 prime?
False
Is 226794515 composite?
True
Is 2251807 a prime number?
True
Is 2437121 prime?
True
Is 17636071 composite?
False
Is 43854163 a prime number?
False
Is 124389217 a composite number?
True
Is 175939061 composite?
False
Is 81267493 a prime number?
True
Is 289125229 a prime number?
False
Is 21517269 composite?
True
Is 3262069 a composite number?
True
Is 518539339 a composite number?
False
Is 721140139 composite?
True
Is 51606887 a prime number?
False
Is 33267833 a prime number?
True
Is 29347961 a composite number?
False
Is 15448717 a composite number?
False
Is 25270631 a prime number?
False
Is 129851 composite?
True
Is 637235 a composite number?
True
Is 2026799 a composite number?
False
Is 78475879 a composite number?
True
Is 2549237 prime?
True
Is 4747391 composite?
True
Is 7281737 composite?
False
Is 63842239 a composite number?
False
Is 113642279 composite?
True
Is 813121 composite?
False
Is 1246265 composite?
True
Is 331426907 composite?
True
Is 4281239 composite?
True
Is 6403043 a prime number?
False
Is 2517583 a composite number?
False
Is 303503 prime?
False
Is 1532719 prime?
True
Is 239147863 a prime number?
False
Is 421947887 prime?
True
Is 39277151 a composite number?
False
Is 6490871 composite?
False
Is 83649851 a composite number?
False
Is 21508511 prime?
False
Is 39250019 a composite number?
True
Is 20584717 composite?
False
Is 9957863 composite?
False
Is 105467 composite?
False
Is 11099587 prime?
True
Is 8266701 a prime number?
False
Is 2763106 a composite number?
True
Is 94825441 composite?
False
Is 55914941 a composite number?
False
Is 1656659 a composite number?
False
Is 150341941 a prime number?
True
Is 601351 prime?
False
Is 624027509 composite?
True
Is 4980091 a prime number?
False
Is 36475091 a composite number?
True
Is 20069143 a prime number?
True
Is 391566939 prime?
False
Is 7630891 composite?
False
Is 414357731 a prime number?
True
Is 16329221 a composite number?
True
Is 411123361 a composite number?
True
Is 632743 a prime number?
True
Is 29234663 a composite number?
False
Is 4239077 a prime number?
True
Is 158129 a composite number?
False
Is 1349471 prime?
True
Is 9535277 prime?
True
Is 60365 composite?
True
Is 9712997 a prime number?
False
Is 12032543 prime?
False
Is 8141597 a composite number?
False
Is 148247 a prime number?
False
Is 13165561 a composite number?
False
Is 95115673 composite?
False
Is 8537497 a prime number?
True
Is 82873471 composite?
False
Is 8163761 composite?
True
Is 4549117 a composite number?
False
Is 291063023 a composite number?
True
Is 21560439 a composite number?
True
Is 98404213 prime?
True
Is 3105593 a composite number?
False
Is 2464927 prime?
False
Is 10154229 prime?
False
Is 7206907 prime?
True
Is 2595919 prime?
True
Is 8275987 prime?
True
Is 58253 a composite number?
True
Is 6415813 a prime number?
True
Is 6205879 a composite number?
False
Is 2401447 prime?
True
Is 34975457 a composite number?
True
Is 97346 prime?
False
Is 511645987 composite?
True
Is 1092363761 a composite number?
True
Is 8391857 prime?
False
Is 549846347 composite?
False
Is 7569887 a composite number?
True
Is 81678347 composite?
False
Is 488083733 prime?
False
Is 267070315 composite?
True
Is 25286933 composite?
True
Is 17034071 a prime number?
False
Is 67092049 a prime number?
False
Is 1893701 composite?
False
Is 6395407 composite?
False
Is 1570015 a prime number?
False
Is 15785513 a prime number?
True
Is 101646151 composite?
False
Is 858211403 prime?
False
Is 1463689 a prime number?
False
Is 154081 a composite number?
False
Is 50069143 a composite number?
False
Is 4928117 a composite number?
False
Is 12151187 a prime number?
False
Is 100269739 a prime number?
False
Is 7166057 prime?
True
Is 31218323 a prime number?
True
Is 5822317 composite?
False
Is 236699 a composite number?
False
Is 48514679 a prime number?
True
Is 2906171 a composite number?
True
Is 3380603 a composite number?
True
Is 149307707 a prime number?
False
Is 1284141 a prime number?
False
Is 20709719 composite?
False
Is 11449363 prime?
False
Is 72064601 prime?
False
Is 3515713 composite?
False
Is 5306849 a prime number?
True
Is 48799687 a prime number?
True
Is 1042519 composite?
False
Is 74092839 prime?
False
Is 4746463 a composite number?
True
Is 650087 prime?
False
Is 71509 a prime number?
False
Is 73353221 a prime number?
True
Is 5589007 a composite number?
False
Is 51799465 a prime number?
False
Is 206617 composite?
True
Is 260734687 a prime number?
True
Is 134276237 a composite number?
False
Is 8329987 composite?
False
Is 5145479 a prime number?
False
Is 15617247 composite?
True
Is 17263339 a composite number?
True
Is 21033455 a composite number?
True
Is 32652379 prime?
True
Is 5709439 composite?
True
Is 343238897 a composite number?
False
Is 23898711 a composite number?
True
Is 819547447 a composite number?
True
Is 53538161 prime?
True
Is 498881 composite?
False
Is 